d by v?
15
Suppose -26*k + 20*k = -438. What is the remainder when k is divided by 19?
16
Calculate the remainder when 0 - (-3 - (-1 + 1)) is divided by 2.
1
Let m(i) = i - 11. Let h be m(13). Suppose 5*w - h*j - 10 - 4 = 0, -w = -5*j + 11. Suppose -6*p = -4*p - 20. Calculate the remainder when p is divided by w.
2
Suppose -4*o + 5 = -3. What is the remainder when 40 is divided by o/(-7) - 500/(-35)?
12
Let b be (-2)/(-4) - (-2)/4. Calculate the remainder when ((-2)/(-5))/(b/55) is divided by 8.
6
What is the remainder when (-5 - -1 - -1) + 19 is divided by 11?
5
Let v(a) = a**3 + 15*a**2 + 15*a - 17. Calculate the remainder when v(-13) is divided by 16.
14
Suppose -12 = -l + 4*g, -4*l + 27 = -2*l - 5*g. Suppose 11 - 1 = -5*q, -2*b = -2*q - l. Calculate the remainder when 16 is divided by b.
4
Let m(f) = f**2 + 3*f - 6. Let d be m(-5). Let g = d - -8. Let s = -37 + 59. What is the remainder when s is divided by g?
10
Suppose -a + 2*o = 2*a - 236, -5*o = 4*a - 284. What is the remainder when a is divided by 6?
4
Suppose -3 = -4*d - 5*r + 3, 2*r = -d. Let y(x) = x**3 - 2*x**2 + 3*x. Calculate the remainder when y(2) is divided by d.
2
Suppose 2*z + 4*y = -y + 18, -z - 2*y = -11. What is the remainder when 54 is divided by z?
16
Suppose -5*b - 16 + 0 = -3*i, 2*i = -4*b + 40. What is the remainder when 20 is divided by i?
8
Suppose 9 = 3*n, 130 = 2*w - 0*n + 2*n. What is the remainder when w is divided by 21?
20
Let v = 149 + -146. Suppose 0 = s + 5*k + 23, -4*s - 2*k - k - 7 = 0. What is the remainder when v is divided by s?
1
Let q = -37 - -62. Calculate the remainder when q is divided by 9.
7
Let v = 5 + 16. Suppose -4*b + 43 = -v. What is the remainder when 63 is divided by b?
15
Let a(v) = 8*v - 2. Let z(o) = o**3 + 8*o**2 + 4*o - 15. What is the remainder when z(-5) is divided by a(2)?
12
Let s(i) = 2*i**2 + i - 3. Calculate the remainder when 33 is divided by s(2).
5
Let o(p) = -p**3 + 8*p**2 - 8*p + 9. Let r be o(7). What is the remainder when 9 is divided by 1/2 - (-9)/r?
4
Let j(h) = 69*h. Let g(n) = 7*n. Let d(i) = 21*g(i) - 2*j(i). What is the remainder when d(3) is divided by 7?
6
Let w(t) = 10*t + 8. What is the remainder when w(7) is divided by 20?
18
Let b(w) = -16*w - 1. Calculate the remainder when b(-3) is divided by 16.
15
Let g = -7 - -7. Suppose -3*y + 1 = -p, g = -5*p - 4*y + 19 + 33. What is the remainder when 14 is divided by p?
6
Suppose 16*o - 14*o = 106. What is the remainder when o is divided by 14?
11
Suppose r - i = 2, -i - 9 + 1 = -2*r. Suppose -5*f - 2 = -r*f. What is the remainder when 2 is divided by f?
0
Suppose -5*a + 2*q - q = -105, 4*a = 5*q + 105. What is the remainder when 52 is divided by a?
12
Let g = -22 + 36. Suppose -v + g = v. Calculate the remainder when 11 is divided by v.
4
Suppose -3*u + 2*v = -10, 2*u - 6*v + 2*v = 20. Let k be 4/(-8)*u/(-1). Suppose 5*x - 170 = -k*x. Calculate the remainder when x is divided by 18.
16
Let j(g) = 25*g**2 + 1. What is the remainder when j(1) is divided by (-2 - 1/3)*-3?
5
Let p(w) = 2*w - 3. Let k be p(2). Suppose 0 = 5*m + 2*f - 7, k = 4*m - 2*f - 1. Suppose m - 9 = -2*b. What is the remainder when 10 is divided by b?
2
Suppose f - 2*z = 27, 46 = 2*f + 4*z - 32. Calculate the remainder when 97 is divided by f.
31
Let k(r) = 3*r - 3*r - 5*r - r - 3. What is the remainder when 35 is divided by k(-2)?
8
Let q(w) = -4*w**2 + w - 1. Suppose -2 + 0 = -2*c. Let n be q(c). Calculate the remainder when n/(-14) + 75/7 is divided by 4.
3
Let o = 12 + -5. Let t be (-2)/(-3) + o/3. Suppose 4*p - 3*p = t. What is the remainder when 11 is divided by p?
2
Suppose 0 = -2*i - i + 96. What is the remainder when 125 is divided by i?
29
Let a(k) be the third derivative of k**5/20 - k**4/8 + k**3/6 - k**2. Let x be (-2)/(-11) + 40/22. Calculate the remainder when a(x) is divided by 3.
1
Let k(b) = -30*b + 7. Let j(p) = 15*p - 3. Let q(m) = 5*j(m) + 2*k(m). Calculate the remainder when 53 is divided by q(1).
11
Calculate the remainder when (-74)/(-3)*9/6 is divided by 10.
7
Suppose 7 + 3 = 2*j - 4*l, -25 = -5*j - l. Suppose -4*x + b + 62 = 6*b, 86 = j*x + 2*b. Let m(f) = -f + 7. What is the remainder when x is divided by m(0)?
4
Let y(c) = -5*c**3 - 12*c**2 - 8*c + 4. Let z(x) = -6*x**3 - 13*x**2 - 9*x + 5. Let q(i) = -7*y(i) + 6*z(i). Calculate the remainder when q(5) is divided by 13.
11
Suppose -3*o + 2 = -2*b - 8*o, -4*b + 3*o = -22. What is the remainder when 11 is divided by b?
3
Let t = -35 + 90. Let z = t - 30. What is the remainder when z is divided by 7?
4
Let i be (19 - 0) + (8 - 8). Suppose 3*m - i = 23. What is the remainder when m is divided by 4?
2
Let u(v) = -3*v - 1. Let b = 3 - 7. What is the remainder when (-155)/(-10)*(3 - 1) is divided by u(b)?
9
Suppose -5*l = 5*o, 2*l - 3*l = 3*o - 8. Suppose -3*s + 0*s = -o*h + 123, 0 = -h - 3*s + 42. Calculate the remainder when h is divided by 12.
9
Let o(x) = -x**3 + 9*x**2 + 13*x. Let k be o(10). Let v be (-3)/(((-3)/(-2))/(-1)). Suppose -4*i + k = v. What is the remainder when i is divided by 3?
1
Let d = -24 - -51. Suppose 5*p + d + 1 = 2*q, 5*p + 10 = 0. What is the remainder when (-2)/6 + 79/3 is divided by q?
8
Suppose 6*j = 4*j + 102. Let u = 28 - j. Let k = u + 32. What is the remainder when 15 is divided by k?
6
Suppose -2*v - 6 = 0, -4*f - 197 = -8*f - 5*v. Suppose 0 = 3*z - 4*u - 0*u - f, -5*u = 4*z - 19. What is the remainder when 31 is divided by z?
9
Let c(h) = 26*h - 2. Suppose 0*j - 4*j + 8 = 0. What is the remainder when c(j) is divided by 17?
16
Suppose 2*l = 5*h + 32, 5*h = 4*l - 2 - 62. Let r be 2 - -1*(-2 - 10). What is the remainder when 4/r - 921/(-15) is divided by l?
13
Calculate the remainder when (3 + -4)*(-13 - -2) is divided by 7.
4
Let m(u) = 8*u + 2. Let w be m(-3). What is the remainder when 0 - (-2 + w - 2) is divided by (-2)/6 - (-172)/12?
12
Let r be 528/14 + 2/7. Suppose -a + 82 = 72. What is the remainder when ((2*r)/(-2))/(-2) is divided by a?
9
Suppose -15 = -6*f + f. Suppose 9 - 1 = 2*k. Let s = k - 2. Calculate the remainder when f is divided by s.
1
Let s(f) be the third derivative of -f**6/120 - f**5/15 + f**4/6 - 4*f**3/3 + 2*f**2. What is the remainder when s(-6) is divided by (-5 - -2)*(-6 + -1)?
19
Suppose -5*c + 5*d + 265 = 0, 5*c - 5*d - 112 = 3*c. Let f = 70 + -42. Suppose f = x + 2. Calculate the remainder when c is divided by x.
25
Let g = 60 - 35. What is the remainder when g is divided by 14?
11
Suppose 34 = 2*h + 4*t, 3*h - 5*t = -2*h + 10. Suppose -4*c + 6 = -c. Suppose 10 = 5*r - v, 0 = -r - 3*v - c + 20. What is the remainder when h is divided by r?
1
Suppose -2*z = 4*c - 14, -4 = -c - z - 0. Suppose c*b - 10 = b. Calculate the remainder when 13 is divided by b.
3
Let t(d) = d**3 - 6*d**2 + 4*d - 8. Suppose -f = 4*f - 2*h - 40, 0 = -4*f + 2*h + 34. Calculate the remainder when 2*((-31)/(-2) - 1) is divided by t(f).
13
Suppose -2*o - 7 - 15 = 0. Let p = o - -30. Calculate the remainder when 74 is divided by p.
17
Let x be (-5312)/20 + 2/(-5). What is the remainder when 43 is divided by 2/(-12) + x/(-12)?
21
Let s be 1/1 + (-3)/(-3). Let j = s - 0. Let x = -38 + 39. Calculate the remainder when j is divided by x.
0
What is the remainder when ((-170)/(-8))/5*8 is divided by 13?
8
Let u = 3 - 11. Let v = u + 13. Let k(g) = -g**2 + 7*g - 3. What is the remainder when k(3) is divided by v?
4
Let p be 1/4 + (-27)/(-4). Let z be 2/p - 6/21. Suppose -5*h + 44 + 0 = -4*g, 2*h - g - 17 = z. Calculate the remainder when 14 is divided by h.
6
Let q = -17 - -28. Let o(s) = 21*s**2 + 2*s + 1. Let n be 2/(-9) + (-35)/45. What is the remainder when o(n) is divided by q?
9
Suppose 3*z - 5 = -152. What is the remainder when 70 is divided by 14/z + 256/14?
16
Suppose -n = -3*t - 142, -2*n + 3*n + 2*t - 132 = 0. Suppose n = 2*w + 30. Suppose 0 = 3*y + 2*y - 90. Calculate the remainder when w is divided by y.
17
Let x(p) = -14*p - 3. Calculate the remainder when 41 is divided by x(-1).
8
Suppose -37 - 13 = -4*z - 3*c, 6 = 3*c. What is the remainder when z is divided by 2?
1
Suppose 0 = -h - r + 51, -4*h + h + r + 161 = 0. Suppose k - q = 46, 240 = 4*k - q + h. Calculate the remainder when k is divided by 24.
23
Let i(j) = -5*j - 2. Calculate the remainder when -39*((-4)/3)/1 is divided